q(i).
5
Calculate the remainder when 338 is divided by (-264)/(-18)*(-30)/(-4).
8
Let p(j) = -j**3 - 5*j**2 - 5*j. Suppose 8*f = 36 + 148. Calculate the remainder when p(-6) is divided by f.
20
Suppose 4*r - 1992 = -2*v, 4*v + 4950 = 9*v - 5*r. Suppose v = 45*d - 41*d. Calculate the remainder when d is divided by 50.
48
Suppose 2*x - 36 = j - 4, -12 = 3*j. What is the remainder when 41 is divided by x?
13
Let b(c) = -c**3 - 8*c**2 + 18. What is the remainder when 51 is divided by b(-8)?
15
Let g(x) = -4*x**3 + 4*x**2 + 13*x - 2. What is the remainder when g(-3) is divided by 52?
51
Suppose 0 = -17*w + 19*w - 26. Let q(f) = 6*f + 7. What is the remainder when q(5) is divided by w?
11
Suppose -y = -c - 71, -2*y - y + 5*c + 217 = 0. What is the remainder when (-2)/((12/y)/(-2)) is divided by 8?
7
Let t(w) = w**2 + 3*w - 4. Let x be t(2). Suppose -x = -g + 11. What is the remainder when 28 is divided by g?
11
Suppose 877 = 4*h + t, h - 4*t + 111 - 326 = 0. What is the remainder when h is divided by 16?
11
Suppose 2*j + 16 = 3*j. Suppose 7*x - 3*x = 5*a - 50, -5*x = 3*a + 44. Let h(o) = -o**2 - 15*o - 3. What is the remainder when h(x) is divided by j?
15
Let f(l) = -l**3 + 7*l**2 + 3*l + 7. Calculate the remainder when 141 is divided by f(5).
69
Let l be -1 + 1 + (-29 - -27). Let k(s) = s**2 - 4*s. What is the remainder when 43 is divided by k(l)?
7
Let y(w) = w - 16. Let p be y(20). Suppose 2*n - 24 = -p*j, j - 5*j + 4*n = 0. What is the remainder when 17 is divided by j?
1
Let s = 231 - 212. Calculate the remainder when s is divided by 7.
5
Suppose 0 = v + 3 - 13. Let y(c) = 2*c**2 - 4*c - 3. Calculate the remainder when y(-3) is divided by v.
7
Let p = 151 + -107. Let k = -8 + p. Let a(i) = -i**3 + 5*i**2 + 7*i + 7. Calculate the remainder when k is divided by a(6).
10
What is the remainder when (-10 - -214 - 8)/(2 + 0) is divided by 22?
10
Let l be 59 + (-1)/(-1) - (8 - 11). What is the remainder when 4/18 + (6223/l - 2) is divided by 25?
22
Let y(q) = -39*q + 533. Calculate the remainder when y(13) is divided by 7.
5
Let v = 137 - 54. Calculate the remainder when v is divided by ((-7)/1)/(3/(-9)).
20
Let d = -1 + 35. Let i = 299 - 164. Calculate the remainder when i is divided by d.
33
Suppose 9 + 16 = -5*j. Calculate the remainder when 16 is divided by (-62)/(-10) - (-1)/j.
4
Suppose 6*h + 42 - 120 = 0. What is the remainder when 23 is divided by h?
10
Let j(d) = 15*d - 4. What is the remainder when j(4) is divided by 1*18 + (133 - 130)?
14
Let k(z) = -z**2 + 2*z. Let a be k(-2). Let v(w) = -4*w - 3. Suppose -f + 222 = 207. Calculate the remainder when v(a) is divided by f.
14
Suppose -q = 5*q - 810. Suppose q = 10*n - 85. Calculate the remainder when 41 is divided by n.
19
Suppose 13*s - 15*s - 8 = 0. Suppose -2*u = -7*u + 50. What is the remainder when -4*(-14)/s*(1 + -3) is divided by u?
8
Let d = 137 - 214. Calculate the remainder when 41 is divided by (1 - 3)*d/7.
19
What is the remainder when 110 is divided by ((-40)/(-3))/(5 - (-78)/(-18))?
10
Let t be (-9)/15 - (-91)/35. Suppose -130 = -2*d + 4*w, 7*d = t*d + w + 325. Calculate the remainder when d is divided by 17.
14
Let x(h) = -4*h**3 + h**2 + 3*h - 3. Let f be x(1). Let l(z) = 5*z**2 - 2*z - 2. Calculate the remainder when l(f) is divided by 26.
23
Let v = 38 + -25. What is the remainder when ((-24)/(-48))/(-2*(-1)/76) is divided by v?
6
Let z be 1/(-2)*(-13 + -1). Suppose 28 = z*b - 3*b. Suppose 0 = b*j - 2*j - 140. What is the remainder when 111 is divided by j?
27
Let a(h) = h + 252. Calculate the remainder when a(17) is divided by 17.
14
Suppose -3*x = -0*x - 9. Suppose x = 3*i - 2*i. Suppose i*h + 3*p + 0*p = 51, 4*h + p = 80. Calculate the remainder when 83 is divided by h.
20
Let k = -125 + 230. Suppose 0 = 101*d - k*d + 236. What is the remainder when d is divided by 32?
27
What is the remainder when 727 is divided by 5*(6 + (-666)/(-45))?
103
Suppose -168 = -4*h + 84. What is the remainder when h is divided by 64/(-40)*(-10)/4*4?
15
Let b(h) = h**3 + 6*h**2 - 18*h - 60. What is the remainder when 191 is divided by b(-6)?
47
Let h = 14 - 0. Let i be 65/13 - -5*2. Suppose 49 = 5*p - 2*j, -4*p + h + i = -5*j. What is the remainder when p is divided by 4?
3
Suppose 2*g = 2*j + g + 11, -3*j - g - 4 = 0. Let n(k) = 7*k + 4. Let p(y) = -1. Let l(b) = -n(b) + 2*p(b). Calculate the remainder when l(j) is divided by 9.
6
Suppose z + 0*z = 25. Suppose 19*c = 50*c - 279. What is the remainder when z is divided by c?
7
Let d = -13406 - -13424. Suppose -5 = j - 15. What is the remainder when d is divided by j?
8
Suppose 21*s - 8*s - 4758 = 0. What is the remainder when s is divided by 15?
6
Let f = 12 - 7. Suppose q + 57 = 2*s, 2*s + 0*q = f*q + 37. Let u(r) = 3*r**2 - 4. Calculate the remainder when s is divided by u(2).
7
Suppose 11 + 77 = 8*c. Let p = -53 + 95. Calculate the remainder when p is divided by c.
9
Let p = 47 - 21. What is the remainder when p is divided by (2 - 4)*45/(-6)?
11
Let m(p) = 6*p - 1. Let r = -8 + 9. Let n be m(r). Suppose n = -u + f + 30, 4*u - 88 = f. What is the remainder when u is divided by 6?
3
Let i(k) = -10*k**2 + 6*k + 4. Let x be i(-1). Let j = x - -26. What is the remainder when 25 is divided by j?
11
Let t = -1730 - -2630. Calculate the remainder when t is divided by 22.
20
Let b(i) = 8*i**3 + 3*i**2 + 3*i - 13. What is the remainder when 343 is divided by b(2)?
67
Let c = 113 - 113. Suppose c = 9*n - 1199 + 227. Calculate the remainder when n is divided by 22.
20
Let c = -2387 - -2412. What is the remainder when 485 is divided by c?
10
Let b(g) = 17*g - 2. Let a(j) = j**3 + j**2 - 91*j + 4. What is the remainder when b(5) is divided by a(-10)?
13
Suppose 0 = -5*o - 3*l + 244, -o - l + 21 + 29 = 0. Let f = -44 + o. Calculate the remainder when f is divided by 1/(-4) - 15/(-12).
0
Let q be 4 + 4/(2 - 4). Let j = 12 + q. What is the remainder when 54 is divided by j?
12
Let t = 1825 - 1805. Calculate the remainder when 434 is divided by t.
14
Let d(q) = -q - 4. Suppose -2*i + 84 = 4*i. Suppose -26 = -2*g - i. What is the remainder when g is divided by d(-8)?
2
What is the remainder when 107 is divided by (4577/4)/23 + 1/4?
7
Suppose -39*g - 6*g = -2295. Calculate the remainder when 356 is divided by g.
50
Let x be 4/(-10) + 588/245. Suppose 0 = -t + 5*t - 12. Suppose 2*w - 123 = x*f + 97, 3*w + t*f = 348. Calculate the remainder when w is divided by 38.
37
Suppose -3*p = 2*b - 0*p - 119, 3*b = 2*p + 211. Calculate the remainder when b is divided by 27.
13
Let h be -4 + 9/(9/(-4)). Let a(b) = -b**2 - 15*b - 16. Let g be a(h). Suppose -g = 5*q - 155. Calculate the remainder when 67 is divided by q.
21
Let f(r) = -121 - 119 - 2*r + 263. Calculate the remainder when 39 is divided by f(10).
0
Suppose -2*v = 2*y + 9 - 79, 0 = 2*y + 4*v - 68. Calculate the remainder when 158 is divided by y.
14
Suppose -21 = -4*f + 163. Let h = 11 + f. Let l = h - 40. What is the remainder when 50 is divided by l?
16
Calculate the remainder when (-11 - -10)*(-171 - 2) is divided by 17.
3
Suppose -7 = j - 11. Suppose 3*b - 2*v - 17 = 0, -b + 0*b - v + j = 0. Let r(i) = i**3 - 9*i**2 - 9*i + 3. What is the remainder when r(10) is divided by b?
3
Suppose 0 = 24*j + 346 - 2842. What is the remainder when j is divided by 32?
8
What is the remainder when (1 - -1)*(-71)/(-2) is divided by 21?
8
Let j = -312 - -2536. Suppose -3*h + 41 = -43. Calculate the remainder when j/20 + 2/(-10) is divided by h.
27
Let o be 1*(3 + -3 + 3). Let m(d) = 0*d**2 - 5*d - 4*d**2 + 9*d**o + 2*d - 12*d**3. Calculate the remainder when 53 is divided by m(-2).
11
Suppose 15*p = 32*p - 867. What is the remainder when p is divided by 14?
9
Suppose 3*i + 275 = 14*i. What is the remainder when 88 is divided by i?
13
Let m(a) = -1019 + 513 + a**2 + 510 - 7*a. Let v = 13 + -6. What is the remainder when 6 is divided by m(v)?
2
Let y = 64 - 12. What is the remainder when 153 is divided by y?
49
Let z(p) = 3*p**2 - 3*p + 1. Calculate the remainder when z(-3) is divided by 11.
4
Calculate the remainder when 231 is divided by -2 + (40 - (2 - 3)).
36
Let q = 926 - 889. Calculate the remainder when 515 is divided by q.
34
Suppose 0 = d - 3*v - 13, 0 = 5*d - v - 7 - 16. Suppose -169 - 75 = -d*p. What is the r